{"id":121,"date":"2021-12-18T17:00:58","date_gmt":"2021-12-18T17:00:58","guid":{"rendered":"https:\/\/gartnerslettablogg.skanska.no\/?page_id=10"},"modified":"2021-12-18T17:00:58","modified_gmt":"2021-12-18T17:00:58","slug":"om-prosjektet","status":"publish","type":"page","link":"https:\/\/prosjekt.skanska.no\/gartnersletta\/om-prosjektet\/","title":{"rendered":"Om prosjektet"},"content":{"rendered":"<p>Gartnersletta Powerhouse Lade skal bygges ut over flere trinn med ca.200 boliger. F\u00f8rste byggetrinn best\u00e5r av 97 leiligheter, parkeringskjeller og n\u00e6ringsareal fordelt p\u00e5 bygg A, B, C, D og E.\u00a0Byggestart er forel\u00f8pig planlagt i l\u00f8pet av v\u00e5ren 2022.<\/p>\n<p>P\u00e5 bakkeplan vil det bli anlagt lek og gr\u00f8ntarealer samt et drivhus\/fellesbygg.<\/p>\n<p>Gartnersletta er et prosjekt bygd for fremtiden med sv\u00e6rt h\u00f8ye energi- og milj\u00f8ambisjoner. Byggene er fundamentert p\u00e5 l\u00f8smasser og fjell. Husene bygges med b\u00e6rekonstruksjoner i st\u00e5l og betong. Etasjeskiller utf\u00f8res med hulldekkeelementer i betong.<\/p>\n<p>Fasadene best\u00e5r av isolerte klimavegger med innvendig gipsplatebekledning, utvendig teglkledning\/platekledning\/luftet trekledning. Det vil v\u00e6re variasjon i farger p\u00e5 kledning i de ulike byggene og p\u00e5 utvalgte omr\u00e5der.<\/p>\n<p>Arealet mellom byggetrinnene opparbeides med gr\u00f8nne soner, sykkelparkering, oppholdssoner med benker, lekeapparat og gangsoner.<\/p>\n<p>Link til prosjektets hjemmeside Gartnersletta Powerhouse Lade: <a href=\"https:\/\/gartnersletta.no\" target=\"_blank\" rel=\"noopener\">gartnersletta.no<\/a><\/p>\n<p>Oppstart: Oktober 2022<\/p>\n<p>Overlevering: mellom juni og august 2024<\/p>\n<p>&nbsp;<\/p>\n<p>&nbsp;<\/p>\n","protected":false},"excerpt":{"rendered":"<p>Gartnersletta Powerhouse Lade skal bygges ut over flere trinn med ca.200 boliger. F\u00f8rste byggetrinn best\u00e5r av 97 leiligheter, parkeringskjeller og n\u00e6ringsareal fordelt p\u00e5 bygg A, B, C, D og E.\u00a0Byggestart er forel\u00f8pig planlagt i l\u00f8pet av v\u00e5ren 2022. P\u00e5 bakkeplan vil det bli anlagt lek og gr\u00f8ntarealer samt et drivhus\/fellesbygg. Gartnersletta er et prosjekt bygd [&hellip;]<\/p>\n","protected":false},"author":1,"featured_media":0,"parent":0,"menu_order":0,"comment_status":"closed","ping_status":"closed","template":"","meta":{"_acf_changed":false,"footnotes":""},"class_list":["post-121","page","type-page","status-publish","hentry"],"acf":[],"_links":{"self":[{"href":"https:\/\/prosjekt.skanska.no\/gartnersletta\/wp-json\/wp\/v2\/pages\/121","targetHints":{"allow":["GET"]}}],"collection":[{"href":"https:\/\/prosjekt.skanska.no\/gartnersletta\/wp-json\/wp\/v2\/pages"}],"about":[{"href":"https:\/\/prosjekt.skanska.no\/gartnersletta\/wp-json\/wp\/v2\/types\/page"}],"author":[{"embeddable":true,"href":"https:\/\/prosjekt.skanska.no\/gartnersletta\/wp-json\/wp\/v2\/users\/1"}],"replies":[{"embeddable":true,"href":"https:\/\/prosjekt.skanska.no\/gartnersletta\/wp-json\/wp\/v2\/comments?post=121"}],"version-history":[{"count":0,"href":"https:\/\/prosjekt.skanska.no\/gartnersletta\/wp-json\/wp\/v2\/pages\/121\/revisions"}],"wp:attachment":[{"href":"https:\/\/prosjekt.skanska.no\/gartnersletta\/wp-json\/wp\/v2\/media?parent=121"}],"curies":[{"name":"wp","href":"https:\/\/api.w.org\/{rel}","templated":true}]}}