{"id":65,"date":"2021-12-09T10:08:03","date_gmt":"2021-12-09T10:08:03","guid":{"rendered":"https:\/\/helgerudkvartaletblogg.skanska.no\/?page_id=11"},"modified":"2021-12-09T10:08:03","modified_gmt":"2021-12-09T10:08:03","slug":"om-prosjektet-2","status":"publish","type":"page","link":"https:\/\/prosjekt.skanska.no\/helgerudkvartalet\/om-prosjektet-2\/","title":{"rendered":"Om prosjektet"},"content":{"rendered":"<h3>Helgerudkvartalet &#8211; et moderne og fremtidsrettet Sandvika<\/h3>\n<p>Det nye Helgerudkvartalet vil v\u00e6re den f\u00f8rste store utbyggingen av nye Sandvika sentrum \u00f8st, og vil inneha en viktig rolle som landemerke og portal mot jernbanestasjonen. Gjennom blanding av ulike funksjoner og h\u00f8y arealtetthet, vil prosjektet vise vei mot et aktivt, urbant og framtidsrettet Sandvika.<\/p>\n<p>Helgerudkvartalet er et av flere kvartaler som vil bli bygget med st\u00f8rre h\u00f8yde og inng\u00e5r i den generelle fortettingsstrategien som tilrettelegger for at Sandvika skal bli en fjordby som er attraktiv for g\u00e5ende og syklende, med sm\u00e5 avstander og god tilgang til gr\u00f8nne\u2010 og bl\u00e5 kvaliteter p\u00e5 alle kanter.<\/p>\n<p>De fem nederste etasjene blir n\u00e6ringslokaler, med butikker og serveringssteder mot gater og torg i f\u00f8rste etasje.\u00a0Boligene lokaliseres i seks t\u00e5rn fra plan 6 og opp.<\/p>\n<p>Utviklingen av den nye bydelen ved jernbanestasjonen har v\u00e6rt &#8211; og er et tett samarbeid mellom B\u00e6rum kommune, og de ulike utbyggerne. Anden\u00e6s Eiendom AS, som er tiltakshaver for Helgerudkvartalet, eies av den lokalt tilknyttede Anden\u00e6sfamilien som har et sterkt engasjement for en positiv utvikling av Sandvika som by.<\/p>\n<p>Skanska Norge er stolt over \u00e5 f\u00e5 v\u00e6re med p\u00e5 utviklingen av \u00abnye\u00bb Sandvika.<\/p>\n<h3>N\u00f8kkelinformasjon:<\/h3>\n<ul>\n<li>BRA: 38.200m2 over bakken (ca. 20.000 m2 under bakken)<\/li>\n<li>BRA bolig: 19.800 m2<\/li>\n<li>BRA kontor, handel og bevertning: 18.400m2<\/li>\n<li>236 leiligheter, hvorav nesten halvparten er under 50m2<\/li>\n<li>Totalentrepren\u00f8r: Skanska Norge AS<\/li>\n<li>Byggherre: Anden\u00e6s Eiendom AS<\/li>\n<li>Arkitekt: LPO Arkitekter<\/li>\n<\/ul>\n","protected":false},"excerpt":{"rendered":"<p>Helgerudkvartalet &#8211; et moderne og fremtidsrettet Sandvika Det nye Helgerudkvartalet vil v\u00e6re den f\u00f8rste store utbyggingen av nye Sandvika sentrum \u00f8st, og vil inneha en viktig rolle som landemerke og portal mot jernbanestasjonen. Gjennom blanding av ulike funksjoner og h\u00f8y arealtetthet, vil prosjektet vise vei mot et aktivt, urbant og framtidsrettet Sandvika. Helgerudkvartalet er et [&hellip;]<\/p>\n","protected":false},"author":1,"featured_media":0,"parent":0,"menu_order":0,"comment_status":"closed","ping_status":"closed","template":"","meta":{"_acf_changed":false,"footnotes":""},"class_list":["post-65","page","type-page","status-publish","hentry"],"acf":[],"_links":{"self":[{"href":"https:\/\/prosjekt.skanska.no\/helgerudkvartalet\/wp-json\/wp\/v2\/pages\/65","targetHints":{"allow":["GET"]}}],"collection":[{"href":"https:\/\/prosjekt.skanska.no\/helgerudkvartalet\/wp-json\/wp\/v2\/pages"}],"about":[{"href":"https:\/\/prosjekt.skanska.no\/helgerudkvartalet\/wp-json\/wp\/v2\/types\/page"}],"author":[{"embeddable":true,"href":"https:\/\/prosjekt.skanska.no\/helgerudkvartalet\/wp-json\/wp\/v2\/users\/1"}],"replies":[{"embeddable":true,"href":"https:\/\/prosjekt.skanska.no\/helgerudkvartalet\/wp-json\/wp\/v2\/comments?post=65"}],"version-history":[{"count":0,"href":"https:\/\/prosjekt.skanska.no\/helgerudkvartalet\/wp-json\/wp\/v2\/pages\/65\/revisions"}],"wp:attachment":[{"href":"https:\/\/prosjekt.skanska.no\/helgerudkvartalet\/wp-json\/wp\/v2\/media?parent=65"}],"curies":[{"name":"wp","href":"https:\/\/api.w.org\/{rel}","templated":true}]}}