{"id":66,"date":"2021-12-09T10:10:22","date_gmt":"2021-12-09T10:10:22","guid":{"rendered":"https:\/\/helgerudkvartaletblogg.skanska.no\/?page_id=14"},"modified":"2024-12-13T23:56:17","modified_gmt":"2024-12-13T23:56:17","slug":"kontakt","status":"publish","type":"page","link":"https:\/\/prosjekt.skanska.no\/helgerudkvartalet\/kontakt\/","title":{"rendered":"Kontakt oss"},"content":{"rendered":"<p>Vi kan til tider komme til \u00e5 v\u00e6re til sjenanse for v\u00e5re naboer. Vi vil gj\u00f8re v\u00e5rt beste for \u00e5 unng\u00e5 dette, derfor ber vi om at eventuelle klager meldes til oss.<\/p>\n<h3>Totalentrepren\u00f8r:<\/h3>\n<p>Skanska Norge AS<br \/>\nLakkegata 53<br \/>\n0187 Oslo<\/p>\n<p>Sentralbord: 400 06 400<\/p>\n<h3>Prosjektkontor:<\/h3>\n<p>R\u00e5dmann Halmrasts vei 18<br \/>\n1337 Sandvika<\/p>\n<h3>Byggherre:<\/h3>\n<p>Anden\u00e6s Eiendom AS<\/p>\n","protected":false},"excerpt":{"rendered":"<p>Vi kan til tider komme til \u00e5 v\u00e6re til sjenanse for v\u00e5re naboer. Vi vil gj\u00f8re v\u00e5rt beste for \u00e5 unng\u00e5 dette, derfor ber vi om at eventuelle klager meldes til oss. Totalentrepren\u00f8r: Skanska Norge AS Lakkegata 53 0187 Oslo Sentralbord: 400 06 400 Prosjektkontor: R\u00e5dmann Halmrasts vei 18 1337 Sandvika Byggherre: Anden\u00e6s Eiendom AS<\/p>\n","protected":false},"author":1,"featured_media":0,"parent":0,"menu_order":0,"comment_status":"closed","ping_status":"closed","template":"page-kontakt.php","meta":{"_acf_changed":false,"footnotes":""},"class_list":["post-66","page","type-page","status-publish","hentry"],"acf":[],"_links":{"self":[{"href":"https:\/\/prosjekt.skanska.no\/helgerudkvartalet\/wp-json\/wp\/v2\/pages\/66","targetHints":{"allow":["GET"]}}],"collection":[{"href":"https:\/\/prosjekt.skanska.no\/helgerudkvartalet\/wp-json\/wp\/v2\/pages"}],"about":[{"href":"https:\/\/prosjekt.skanska.no\/helgerudkvartalet\/wp-json\/wp\/v2\/types\/page"}],"author":[{"embeddable":true,"href":"https:\/\/prosjekt.skanska.no\/helgerudkvartalet\/wp-json\/wp\/v2\/users\/1"}],"replies":[{"embeddable":true,"href":"https:\/\/prosjekt.skanska.no\/helgerudkvartalet\/wp-json\/wp\/v2\/comments?post=66"}],"version-history":[{"count":1,"href":"https:\/\/prosjekt.skanska.no\/helgerudkvartalet\/wp-json\/wp\/v2\/pages\/66\/revisions"}],"predecessor-version":[{"id":129,"href":"https:\/\/prosjekt.skanska.no\/helgerudkvartalet\/wp-json\/wp\/v2\/pages\/66\/revisions\/129"}],"wp:attachment":[{"href":"https:\/\/prosjekt.skanska.no\/helgerudkvartalet\/wp-json\/wp\/v2\/media?parent=66"}],"curies":[{"name":"wp","href":"https:\/\/api.w.org\/{rel}","templated":true}]}}