{"id":46,"date":"2022-11-18T11:44:51","date_gmt":"2022-11-18T10:44:51","guid":{"rendered":"https:\/\/blogg.skanska.no\/radhuspassasjen\/sider\/"},"modified":"2022-11-18T11:44:51","modified_gmt":"2022-11-18T10:44:51","slug":"om-prosjektet","status":"publish","type":"page","link":"https:\/\/prosjekt.skanska.no\/radhuspassasjen\/om-prosjektet\/","title":{"rendered":"Om prosjektet"},"content":{"rendered":"<h1>Bakgrunn<\/h1>\n<p style=\"text-align: left\">Nordea Liv Eiendom skal rehabilitere og modernisere R\u00e5dhuspassasjen, Olav Vs gate 6 og Fridtjof Nansens plass 2, der Skanska Norge AS er totalentrepren\u00f8r. Bygget er fra 1938, tegnet av Arnstein Arneberg, og ble oppf\u00f8rt i forbindelse med etableringen av R\u00e5dhuset og tilh\u00f8rende plasser. Siden sin opprinnelse har det blitt gjort st\u00f8rre og mindre endringer p\u00e5 bygget, deriblant et nytt p\u00e5bygg mot Olav Vs gate, samt et nytt mellombygg. Et ledende prinsipp for tiltaket er tilbakef\u00f8ring, eller endringer i tr\u00e5d med detaljene som preget tiden da bygget ble oppf\u00f8rt.<\/p>\n<div id=\"attachment_329\" style=\"width: 540px\" class=\"wp-caption alignnone\"><a href=\"https:\/\/prosjekt.skanska.no\/radhuspassasjen\/wp-content\/uploads\/sites\/10\/2024\/08\/oversiktsbilde001.jpg\"><img loading=\"lazy\" decoding=\"async\" aria-describedby=\"caption-attachment-329\" class=\"wp-image-329 \" src=\"https:\/\/prosjekt.skanska.no\/radhuspassasjen\/wp-content\/uploads\/sites\/10\/2024\/08\/oversiktsbilde001-1024x560.jpg\" alt=\"\" width=\"530\" height=\"290\" srcset=\"https:\/\/prosjekt.skanska.no\/radhuspassasjen\/wp-content\/uploads\/sites\/10\/2024\/08\/oversiktsbilde001-1024x560.jpg 1024w, https:\/\/prosjekt.skanska.no\/radhuspassasjen\/wp-content\/uploads\/sites\/10\/2024\/08\/oversiktsbilde001-300x164.jpg 300w, https:\/\/prosjekt.skanska.no\/radhuspassasjen\/wp-content\/uploads\/sites\/10\/2024\/08\/oversiktsbilde001-768x420.jpg 768w, https:\/\/prosjekt.skanska.no\/radhuspassasjen\/wp-content\/uploads\/sites\/10\/2024\/08\/oversiktsbilde001-1536x840.jpg 1536w, https:\/\/prosjekt.skanska.no\/radhuspassasjen\/wp-content\/uploads\/sites\/10\/2024\/08\/oversiktsbilde001.jpg 1929w\" sizes=\"auto, (max-width: 530px) 100vw, 530px\" \/><\/a><p id=\"caption-attachment-329\" class=\"wp-caption-text\">Kart \u00a91881.no<\/p><\/div>\n<p>&nbsp;<\/p>\n<div id=\"attachment_49\" style=\"width: 540px\" class=\"wp-caption alignnone\"><img loading=\"lazy\" decoding=\"async\" aria-describedby=\"caption-attachment-49\" class=\"wp-image-49 \" style=\"font-size: 16px\" src=\"https:\/\/prosjekt.skanska.no\/radhuspassasjen\/wp-content\/uploads\/sites\/10\/2022\/11\/radhuspassasjen-small.jpg\" alt=\"\" width=\"530\" height=\"352\" srcset=\"https:\/\/prosjekt.skanska.no\/radhuspassasjen\/wp-content\/uploads\/sites\/10\/2022\/11\/radhuspassasjen-small.jpg 849w, https:\/\/prosjekt.skanska.no\/radhuspassasjen\/wp-content\/uploads\/sites\/10\/2022\/11\/radhuspassasjen-small-300x199.jpg 300w, https:\/\/prosjekt.skanska.no\/radhuspassasjen\/wp-content\/uploads\/sites\/10\/2022\/11\/radhuspassasjen-small-768x510.jpg 768w\" sizes=\"auto, (max-width: 530px) 100vw, 530px\" \/><p id=\"caption-attachment-49\" class=\"wp-caption-text\"><em><strong>N\u00e5tid:<\/strong> Passasjen med utadrettet virksomhet mellom Olav Vs gate og Fridtjof Nansens Plass.<\/em><\/p><\/div>\n<p>&nbsp;<\/p>\n<div id=\"attachment_154\" style=\"width: 540px\" class=\"wp-caption alignnone\"><img loading=\"lazy\" decoding=\"async\" aria-describedby=\"caption-attachment-154\" class=\"wp-image-154 \" src=\"https:\/\/prosjekt.skanska.no\/radhuspassasjen\/wp-content\/uploads\/sites\/10\/2024\/04\/E32-Passasjen-1024x693.jpg\" alt=\"\" width=\"530\" height=\"358\" srcset=\"https:\/\/prosjekt.skanska.no\/radhuspassasjen\/wp-content\/uploads\/sites\/10\/2024\/04\/E32-Passasjen-1024x693.jpg 1024w, https:\/\/prosjekt.skanska.no\/radhuspassasjen\/wp-content\/uploads\/sites\/10\/2024\/04\/E32-Passasjen-300x203.jpg 300w, https:\/\/prosjekt.skanska.no\/radhuspassasjen\/wp-content\/uploads\/sites\/10\/2024\/04\/E32-Passasjen-768x520.jpg 768w, https:\/\/prosjekt.skanska.no\/radhuspassasjen\/wp-content\/uploads\/sites\/10\/2024\/04\/E32-Passasjen-1536x1040.jpg 1536w, https:\/\/prosjekt.skanska.no\/radhuspassasjen\/wp-content\/uploads\/sites\/10\/2024\/04\/E32-Passasjen.jpg 1920w\" sizes=\"auto, (max-width: 530px) 100vw, 530px\" \/><p id=\"caption-attachment-154\" class=\"wp-caption-text\"><em><strong>Tilbakef\u00f8ring:<\/strong> Glasstaket er tenkt fjernet og h\u00f8ydeforskjell mellom vest og \u00f8st utjevnes.<\/em><\/p><\/div>\n<h1 style=\"text-align: left\">N\u00f8kkeltall<\/h1>\n<p>Byggherre: Nordea Liv Eiendom<br \/>\nByggeledelse: Malling Eiendom<br \/>\nTotalentrepren\u00f8r: Skanska Norge AS<br \/>\nSt\u00f8rrelse: 10.000m\u00b2<br \/>\nByggetid: 22mnd + 3mnd innregulering\/testing<br \/>\nPlanlagt ferdigstillelse: september 2026<\/p>\n<h1>Gjennomf\u00f8ring<\/h1>\n<p>Frem til og med mars 2024 har det p\u00e5g\u00e5tt innvendige rive- og forsterkningsarbeider. Videre vil produksjonen fordele seg inn i flere faser. De mest st\u00f8yende arbeidene vil forekomme under riving av mellombygget og refundamentering av nytt r\u00e5bygg. Under prefabmontasje vil det tidvis v\u00e6re st\u00f8y i forbindelse med nytt b\u00e6resystem i st\u00e5l.<\/p>\n<h3>Forel\u00f8pig faseplan<\/h3>\n<p><em><strong>2024<\/strong><\/em><\/p>\n<ul>\n<li>mars-juli &#8211; Opprigg for t\u00e5rnkran (peling og betongarbeider)<\/li>\n<li>juni-desember &#8211; Konstruktiv riving og fasadearbeider<\/li>\n<\/ul>\n<p><em><strong>2025<\/strong><\/em><\/p>\n<ul>\n<li>januar-mars &#8211; Grunnarbeider og refundamentering<\/li>\n<li>mars-juli &#8211; Prefabmontasje<\/li>\n<li>juli-desember &#8211; Innredningsarbeider<\/li>\n<\/ul>\n<p><em><strong>2026<\/strong><\/em><\/p>\n<ul>\n<li>januar-april &#8211; Innredningsarbeider forts.<\/li>\n<li>mai-september &#8211; Sluttfase<\/li>\n<\/ul>\n<h3>Riggplan<\/h3>\n<p>Riggplan per april 2024 vises under. Etter hvert som produksjonen g\u00e5r vil denne endre seg, avhengig av arbeidsoperasjonene i perioden.<\/p>\n<p>&nbsp;<\/p>\n<p style=\"text-align: center\"><img loading=\"lazy\" decoding=\"async\" class=\"aligncenter  wp-image-414\" src=\"https:\/\/prosjekt.skanska.no\/radhuspassasjen\/wp-content\/uploads\/sites\/10\/2024\/10\/RP-Riggplan-tio-blogg-1024x723.png\" alt=\"\" width=\"455\" height=\"321\" srcset=\"https:\/\/prosjekt.skanska.no\/radhuspassasjen\/wp-content\/uploads\/sites\/10\/2024\/10\/RP-Riggplan-tio-blogg-1024x723.png 1024w, https:\/\/prosjekt.skanska.no\/radhuspassasjen\/wp-content\/uploads\/sites\/10\/2024\/10\/RP-Riggplan-tio-blogg-300x212.png 300w, https:\/\/prosjekt.skanska.no\/radhuspassasjen\/wp-content\/uploads\/sites\/10\/2024\/10\/RP-Riggplan-tio-blogg-768x542.png 768w, https:\/\/prosjekt.skanska.no\/radhuspassasjen\/wp-content\/uploads\/sites\/10\/2024\/10\/RP-Riggplan-tio-blogg-1536x1085.png 1536w, https:\/\/prosjekt.skanska.no\/radhuspassasjen\/wp-content\/uploads\/sites\/10\/2024\/10\/RP-Riggplan-tio-blogg-2048x1446.png 2048w\" sizes=\"auto, (max-width: 455px) 100vw, 455px\" \/><em><strong>Riggplan:<\/strong> Oktober 2024<\/em><\/p>\n<p>&nbsp;<\/p>\n<p>F\u00f8lg med under <a href=\"https:\/\/blogg.skanska.no\/radhuspassasjen\/innlegg\">nyheter<\/a> for \u00e5 f\u00e5 med deg de siste endringene, eventuelt meld deg p\u00e5 v\u00e5rt nyhetsbrev under for \u00e5 motta de siste nyhetene om prosjektet.<\/p>\n","protected":false},"excerpt":{"rendered":"<p>Bakgrunn Nordea Liv Eiendom skal rehabilitere og modernisere R\u00e5dhuspassasjen, Olav Vs gate 6 og Fridtjof Nansens plass 2, der Skanska Norge AS er totalentrepren\u00f8r. Bygget er fra 1938, tegnet av Arnstein Arneberg, og ble oppf\u00f8rt i forbindelse med etableringen av R\u00e5dhuset og tilh\u00f8rende plasser. Siden sin opprinnelse har det blitt gjort st\u00f8rre og mindre endringer [&hellip;]<\/p>\n","protected":false},"author":14,"featured_media":0,"parent":0,"menu_order":0,"comment_status":"closed","ping_status":"closed","template":"","meta":{"_acf_changed":false,"footnotes":""},"class_list":["post-46","page","type-page","status-publish","hentry"],"acf":[],"_links":{"self":[{"href":"https:\/\/prosjekt.skanska.no\/radhuspassasjen\/wp-json\/wp\/v2\/pages\/46","targetHints":{"allow":["GET"]}}],"collection":[{"href":"https:\/\/prosjekt.skanska.no\/radhuspassasjen\/wp-json\/wp\/v2\/pages"}],"about":[{"href":"https:\/\/prosjekt.skanska.no\/radhuspassasjen\/wp-json\/wp\/v2\/types\/page"}],"author":[{"embeddable":true,"href":"https:\/\/prosjekt.skanska.no\/radhuspassasjen\/wp-json\/wp\/v2\/users\/14"}],"replies":[{"embeddable":true,"href":"https:\/\/prosjekt.skanska.no\/radhuspassasjen\/wp-json\/wp\/v2\/comments?post=46"}],"version-history":[{"count":0,"href":"https:\/\/prosjekt.skanska.no\/radhuspassasjen\/wp-json\/wp\/v2\/pages\/46\/revisions"}],"wp:attachment":[{"href":"https:\/\/prosjekt.skanska.no\/radhuspassasjen\/wp-json\/wp\/v2\/media?parent=46"}],"curies":[{"name":"wp","href":"https:\/\/api.w.org\/{rel}","templated":true}]}}